git of 140758400?
4
What is the ten thousands digit of 30411837?
1
What is the units digit of 333025307?
7
What is the ten thousands digit of 87845704?
4
What is the hundreds digit of 17167950?
9
What is the thousands digit of 201664228?
4
What is the hundred millions digit of 879416162?
8
What is the units digit of 434644343?
3
What is the hundred thousands digit of 229711074?
7
What is the millions digit of 740396915?
0
What is the units digit of 45444909?
9
What is the thousands digit of 364472184?
2
What is the ten millions digit of 381396087?
8
What is the units digit of 527289743?
3
What is the billions digit of 5745325682?
5
What is the hundreds digit of 1413096234?
2
What is the tens digit of 166474104?
0
What is the ten thousands digit of 207320075?
2
What is the hundred thousands digit of 170831834?
8
What is the thousands digit of 35400500?
0
What is the hundreds digit of 903223213?
2
What is the billions digit of 6073776494?
6
What is the thousands digit of 5829092?
9
What is the billions digit of 1603039329?
1
What is the units digit of 68825704?
4
What is the ten thousands digit of 344951207?
5
What is the ten thousands digit of 41290457?
9
What is the hundred thousands digit of 453071181?
0
What is the hundred millions digit of 4108222333?
1
What is the hundreds digit of 22619479?
4
What is the thousands digit of 23931340?
1
What is the ten millions digit of 520083119?
2
What is the millions digit of 205463344?
5
What is the ten millions digit of 77228702?
7
What is the thousands digit of 2041180878?
0
What is the hundreds digit of 152242369?
3
What is the ten millions digit of 264093126?
6
What is the ten millions digit of 254403008?
5
What is the hundreds digit of 368307700?
7
What is the millions digit of 65232434?
5
What is the tens digit of 1122818480?
8
What is the tens digit of 108959076?
7
What is the millions digit of 209667021?
9
What is the millions digit of 36041418?
6
What is the thousands digit of 34770471?
0
What is the thousands digit of 255859014?
9
What is the hundred thousands digit of 1743277622?
2
What is the millions digit of 1148614662?
8
What is the millions digit of 1013507366?
3
What is the tens digit of 78783646?
4
What is the millions digit of 148158295?
8
What is the units digit of 35815124?
4
What is the hundreds digit of 21749334?
3
What is the units digit of 105259874?
4
What is the hundred thousands digit of 6549820?
5
What is the hundreds digit of 15314389?
3
What is the tens digit of 69987691?
9
What is the thousands digit of 20047137?
7
What is the billions digit of 2332317823?
2
What is the thousands digit of 2169530?
9
What is the hundred millions digit of 177500510?
1
What is the ten millions digit of 67125636?
6
What is the millions digit of 204292776?
4
What is the hundreds digit of 140584913?
9
What is the ten millions digit of 2617301501?
1
What is the thousands digit of 365546544?
6
What is the hundred thousands digit of 2838090299?
0
What is the millions digit of 140071424?
0
What is the millions digit of 53051274?
3
What is the billions digit of 1029409396?
1
What is the thousands digit of 800273208?
3
What is the millions digit of 53455015?
3
What is the hundreds digit of 3235985?
9
What is the hundreds digit of 2128085915?
9
What is the units digit of 165917855?
5
What is the tens digit of 1800020582?
8
What is the ten millions digit of 60242759?
6
What is the hundred millions digit of 1553481716?
5
What is the tens digit of 12295102?
0
What is the thousands digit of 2425923195?
3
What is the hundreds digit of 745345634?
6
What is the hundred thousands digit of 158112700?
1
What is the hundred thousands digit of 277460429?
4
What is the units digit of 14878551?
1
What is the millions digit of 85576678?
5
What is the hundred thousands digit of 311246977?
2
What is the thousands digit of 522434339?
4
What is the thousands digit of 30449201?
9
What is the units digit of 1829237252?
2
What is the units digit of 131868323?
3
What is the hundreds digit of 57223948?
9
What is the tens digit of 39611371?
7
What is the hundred thousands digit of 4717675?
7
What is the tens digit of 2719511771?
7
What is the hundred thousands digit of 6173554523?
5
What is the hundred thousands digit of 1774221174?
2
What is the billions digit of 1649241598?
1
What is the hundred millions digit of 7166346080?
1
What is the ten millions digit of 336614595?
3
What is the hundred thousands digit of 63511197?
5
What is the millions digit of 3674757089?
4
What is the ten millions digit of 96537639?
9
What is the hundreds digit of 2266245649?
6
What is the millions digit of 71001778?
1
What is the thousands digit of 4883322992?
2
What is the billions digit of 3448235983?
3
What is the hundreds digit of 148967132?
1
What is the hundred thousands digit of 5054375771?
3
What is the ten thousands digit of 4557067?
5
What is the millions digit of 43566311?
3
What is the thousands digit of 80270638?
0
What is the ten thousands digit of 4292730?
9
What is the tens digit of 64851727?
2
What is the hundreds digit of 448529062?
0
What is the millions digit of 262572657?
2
What is the hundreds digit of 366674499?
4
What is the ten millions digit of 1977709700?
7
What is the millions digit of 159811318?
9
What is the ten millions digit of 464886158?
6
What is the tens digit of 124888472?
7
What is the units digit of 2797949073?
3
What is the units digit of 2170328427?
7
What is the thousands digit of 388378648?
8
What is the hundred thousands digit of 26176889?
1
What is the thousands digit of 283803173?
3
What is the hundred thousands digit of 3303624332?
6
What is the thousands digit of 6522138?
2
What is the hundred thousands digit of 3705367881?
3
What is the ten thousands digit of 1685408695?
0
What is the ten millions digit of 77350531?
7
What is the hundred millions digit of 2185636350?
1
What is the millions digit of 578731578?
8
What is the hundred thousands digit of 31632546?
6
What is the hundred thousands digit of 106351782?
3
What is the millions digit of 536603659?
6
What is the hundred thousands digit of 24514051?
5
What is the units digit of 94156041?
1
What is the hundred thousands digit of 780241714?
2
What is the ten millions digit of 1864889231?
6
What is the billions digit of 6483111802?
6
What is the ten millions digit of 1942471894?
4
What is the ten millions digit of 22653418?
2
What is the ten millions digit of 868130210?
6
What is the ten thousands digit of 6060458417?
5
What is the tens digit of 45598377?
7
What is the ten millions digit of 131977436?
3
What is the ten thousands digit of 468868201?
6
What is the ten thousands digit of 33497232?
9
What is the hundreds digit of 3130798938?
9
What is the tens digit of 1039038?
3
What is the millions digit of 32030069?
2
What is the hundred millions digit of 293146900?
2
What is the ten millions digit of 1318064723?
1
What is the tens digit of 117162931?
3
What is the ten millions digit of 313745999?
1
What is the tens digit of 67805243?
4
What is the hundred thousands digit of 2106061650?
0
What is the hundred millions digit of 1957058660?
9
What is the ten thousands digit of 90550999?
5
What is the units digit of 22267355?
5
What is the millions digit of 44725685?
4
What is the ten thousands digit of 159935277?
3
What is the ten millions digit of 194216049?
9
What is the ten millions digit of 76122990?
7
What is the ten thousands digit of 285410564?
1
What is the units digit of 80454214?
4
What is the hundred millions digit of 281958505?
2
What is the millions digit of 1242180330?
2
What is the hundred thousands digit of 122477795?
4
What is the hundred thousands digit of 94865731?
8
What is the tens digit of 43025541?
4
What is the ten millions digit of 395130920?
9
What is the hundred thousands digit of 186219599?
2
What is the ten thousands digit of 608302223?
0
What is the hundred millions digit of 112456706?
1
What is the ten thousands digit of 4506288917?
8
What is the tens digit of 4404721181?
8
What is the millions digit of 3298205792?
8
What is the units digit of 2267298357?
7
What is the ten thousands digit of 2898551255?
5
What is the ten millions digit of 62434621?
6
What is the thousands digit of 63624117?
4
What is the units digit o